{"version":"1.0","provider_name":"Ferienhaus, Finca oder Appartement mit Vor-Ort-Service  - Fuerteventura Privat","provider_url":"https:\/\/www.fuerteventura-privat.de\/en\/","author_name":"tom","author_url":"https:\/\/www.fuerteventura-privat.de\/en\/author\/tom\/","title":"Datenschutzerkl\u00e4rung - Ferienhaus, Finca oder Appartement mit Vor-Ort-Service - Fuerteventura Privat","type":"rich","width":600,"height":338,"html":"<blockquote class=\"wp-embedded-content\" data-secret=\"hol4kBIJKA\"><a href=\"https:\/\/www.fuerteventura-privat.de\/en\/datenschutzerklaerung\/\">Datenschutzerkl\u00e4rung<\/a><\/blockquote><iframe sandbox=\"allow-scripts\" security=\"restricted\" src=\"https:\/\/www.fuerteventura-privat.de\/en\/datenschutzerklaerung\/embed\/#?secret=hol4kBIJKA\" width=\"600\" height=\"338\" title=\"&#8220;Datenschutzerkl\u00e4rung&#8221; &#8212; Ferienhaus, Finca oder Appartement mit Vor-Ort-Service  - Fuerteventura Privat\" data-secret=\"hol4kBIJKA\" frameborder=\"0\" marginwidth=\"0\" marginheight=\"0\" scrolling=\"no\" class=\"wp-embedded-content\"><\/iframe><script>\n\/*! This file is auto-generated *\/\n!function(d,l){\"use strict\";l.querySelector&&d.addEventListener&&\"undefined\"!=typeof URL&&(d.wp=d.wp||{},d.wp.receiveEmbedMessage||(d.wp.receiveEmbedMessage=function(e){var t=e.data;if((t||t.secret||t.message||t.value)&&!\/[^a-zA-Z0-9]\/.test(t.secret)){for(var s,r,n,a=l.querySelectorAll('iframe[data-secret=\"'+t.secret+'\"]'),o=l.querySelectorAll('blockquote[data-secret=\"'+t.secret+'\"]'),c=new RegExp(\"^https?:$\",\"i\"),i=0;i<o.length;i++)o[i].style.display=\"none\";for(i=0;i<a.length;i++)s=a[i],e.source===s.contentWindow&&(s.removeAttribute(\"style\"),\"height\"===t.message?(1e3<(r=parseInt(t.value,10))?r=1e3:~~r<200&&(r=200),s.height=r):\"link\"===t.message&&(r=new URL(s.getAttribute(\"src\")),n=new URL(t.value),c.test(n.protocol))&&n.host===r.host&&l.activeElement===s&&(d.top.location.href=t.value))}},d.addEventListener(\"message\",d.wp.receiveEmbedMessage,!1),l.addEventListener(\"DOMContentLoaded\",function(){for(var e,t,s=l.querySelectorAll(\"iframe.wp-embedded-content\"),r=0;r<s.length;r++)(t=(e=s[r]).getAttribute(\"data-secret\"))||(t=Math.random().toString(36).substring(2,12),e.src+=\"#?secret=\"+t,e.setAttribute(\"data-secret\",t)),e.contentWindow.postMessage({message:\"ready\",secret:t},\"*\")},!1)))}(window,document);\n\/\/# sourceURL=https:\/\/www.fuerteventura-privat.de\/wp-includes\/js\/wp-embed.min.js\n<\/script>\n","description":"Datenschutzerkl\u00e4rung Ausf\u00fchrungen zum Datenschutz im Zusammenhang mit der EU-Datenschutz-Grundverordnung (EU-DSGVO) Als kleines Familie-Unternehmen nehmen auch wir die EU-Datenschutz-Grundverordnung (EU-DSGVO) sehr ernst und wir tun bereits alles m\u00f6gliche, um Ihre Daten sicher zu verarbeiten und zu speichern. Wir erkl\u00e4ren dazu folgendes. Wir haben absolut kein Interesse, viele Daten von Ihnen zu erheben und diese f\u00fcr Marketing- [&hellip;]","thumbnail_url":"https:\/\/www.fuerteventura-privat.de\/wp-content\/uploads\/2023\/01\/1674728565118.jpeg"}

Datenschutzerklärung - Ferienhaus, Finca oder Appartement mit Vor-Ort-Service - Fuerteventura Privat

<blockquote class="wp-embedded-content" data-secret="hol4kBIJKA"><a href="https://www.fuerteventura-privat.de/en/datenschutzerklaerung/">Datenschutzerklärung</a></blockquote><iframe sandbox="allow-scripts" security="restricted" src="https://www.fuerteventura-privat.de/en/datenschutzerklaerung/embed/#?secret=hol4kBIJKA" width="600" height="338" title="&#8220;Datenschutzerklärung&#8221; &#8212; Ferienhaus, Finca oder Appartement mit Vor-Ort-Service  - Fuerteventura Privat" data-secret="hol4kBIJKA" frameborder="0" marginwidth="0" marginheight="0" scrolling="no" class="wp-embedded-content"></iframe><script>
/*! This file is auto-generated */
!function(d,l){"use strict";l.querySelector&&d.addEventListener&&"undefined"!=typeof URL&&(d.wp=d.wp||{},d.wp.receiveEmbedMessage||(d.wp.receiveEmbedMessage=function(e){var t=e.data;if((t||t.secret||t.message||t.value)&&!/[^a-zA-Z0-9]/.test(t.secret)){for(var s,r,n,a=l.querySelectorAll('iframe[data-secret="'+t.secret+'"]'),o=l.querySelectorAll('blockquote[data-secret="'+t.secret+'"]'),c=new RegExp("^https?:$","i"),i=0;i<o.length;i++)o[i].style.display="none";for(i=0;i<a.length;i++)s=a[i],e.source===s.contentWindow&&(s.removeAttribute("style"),"height"===t.message?(1e3<(r=parseInt(t.value,10))?r=1e3:~~r<200&&(r=200),s.height=r):"link"===t.message&&(r=new URL(s.getAttribute("src")),n=new URL(t.value),c.test(n.protocol))&&n.host===r.host&&l.activeElement===s&&(d.top.location.href=t.value))}},d.addEventListener("message",d.wp.receiveEmbedMessage,!1),l.addEventListener("DOMContentLoaded",function(){for(var e,t,s=l.querySelectorAll("iframe.wp-embedded-content"),r=0;r<s.length;r++)(t=(e=s[r]).getAttribute("data-secret"))||(t=Math.random().toString(36).substring(2,12),e.src+="#?secret="+t,e.setAttribute("data-secret",t)),e.contentWindow.postMessage({message:"ready",secret:t},"*")},!1)))}(window,document);
//# sourceURL=https://www.fuerteventura-privat.de/wp-includes/js/wp-embed.min.js
</script>

Datenschutzerklärung Ausführungen zum Datenschutz im Zusammenhang mit der EU-Datenschutz-Grundverordnung (EU-DSGVO) Als kleines Familie-Unternehmen nehmen auch wir die EU-Datenschutz-Grundverordnung (EU-DSGVO) sehr ernst und wir tun bereits alles mögliche, um Ihre Daten sicher zu verarbeiten und zu speichern. Wir erklären dazu folgendes. Wir haben absolut kein Interesse, viele Daten von Ihnen zu erheben und diese für Marketing- [&hellip;]
